8187645?
6
What is the hundred thousands digit of 223793341?
7
What is the thousands digit of 1280707596?
7
What is the hundred thousands digit of 1146896357?
8
What is the thousands digit of 2454555045?
5
What is the hundred thousands digit of 353657180?
6
What is the units digit of 79497669?
9
What is the millions digit of 98107022?
8
What is the hundred millions digit of 528276318?
5
What is the units digit of 41270871?
1
What is the tens digit of 13045086?
8
What is the ten millions digit of 709559440?
0
What is the units digit of 60837695?
5
What is the hundred thousands digit of 256856932?
8
What is the units digit of 5181253?
3
What is the millions digit of 290606501?
0
What is the ten millions digit of 545965302?
4
What is the tens digit of 41359158?
5
What is the hundreds digit of 68304713?
7
What is the ten millions digit of 79852939?
7
What is the tens digit of 758335212?
1
What is the thousands digit of 677574760?
4
What is the hundred millions digit of 2744841478?
7
What is the tens digit of 15693682?
8
What is the millions digit of 70305404?
0
What is the tens digit of 555382024?
2
What is the ten millions digit of 46129336?
4
What is the units digit of 218177745?
5
What is the thousands digit of 3427680511?
0
What is the thousands digit of 6036111?
6
What is the tens digit of 6015904?
0
What is the thousands digit of 1194683847?
3
What is the ten millions digit of 3596345264?
9
What is the hundreds digit of 171187742?
7
What is the ten thousands digit of 1145184615?
8
What is the ten thousands digit of 25794728?
9
What is the ten thousands digit of 87179979?
7
What is the hundred thousands digit of 13489239?
4
What is the ten millions digit of 520597461?
2
What is the billions digit of 2093508734?
2
What is the hundred millions digit of 2201909474?
2
What is the hundred millions digit of 2817669992?
8
What is the hundred millions digit of 1075777924?
0
What is the millions digit of 63412660?
3
What is the ten millions digit of 733454518?
3
What is the billions digit of 1192362479?
1
What is the ten millions digit of 40724264?
4
What is the millions digit of 1893346106?
3
What is the tens digit of 1689092164?
6
What is the ten millions digit of 261668955?
6
What is the units digit of 207963002?
2
What is the ten millions digit of 732106156?
3
What is the billions digit of 2682037552?
2
What is the ten millions digit of 155739405?
5
What is the millions digit of 110199388?
0
What is the tens digit of 1292314061?
6
What is the tens digit of 76800298?
9
What is the hundred thousands digit of 4604309819?
3
What is the ten millions digit of 681987031?
8
What is the hundred thousands digit of 146889519?
8
What is the ten millions digit of 67287049?
6
What is the hundreds digit of 6530043?
0
What is the hundred thousands digit of 172340941?
3
What is the tens digit of 122959983?
8
What is the tens digit of 2704752044?
4
What is the ten millions digit of 137531257?
3
What is the tens digit of 279527365?
6
What is the ten millions digit of 3435332048?
3
What is the tens digit of 52091146?
4
What is the ten thousands digit of 770959978?
5
What is the thousands digit of 342357691?
7
What is the ten millions digit of 2651880724?
5
What is the tens digit of 173967914?
1
What is the hundred millions digit of 265143374?
2
What is the hundred thousands digit of 8568431?
5
What is the tens digit of 35315053?
5
What is the hundred millions digit of 366358552?
3
What is the hundred millions digit of 5634862159?
6
What is the thousands digit of 902198595?
8
What is the tens digit of 57838874?
7
What is the units digit of 644382890?
0
What is the ten thousands digit of 3497597548?
9
What is the hundred thousands digit of 39329762?
3
What is the thousands digit of 542717210?
7
What is the hundred thousands digit of 2609607001?
6
What is the units digit of 182832877?
7
What is the units digit of 988460778?
8
What is the hundred thousands digit of 129428833?
4
What is the tens digit of 1845355186?
8
What is the hundreds digit of 880991169?
1
What is the millions digit of 23907597?
3
What is the hundreds digit of 382366616?
6
What is the hundreds digit of 353391877?
8
What is the ten thousands digit of 25371830?
7
What is the ten millions digit of 1148610893?
4
What is the units digit of 568694815?
5
What is the ten thousands digit of 15208620?
0
What is the hundred millions digit of 305835615?
3
What is the ten millions digit of 482226109?
8
What is the hundred thousands digit of 630098773?
0
What is the hundred thousands digit of 253856857?
8
What is the ten millions digit of 684342398?
8
What is the hundreds digit of 27443197?
1
What is the millions digit of 186144157?
6
What is the tens digit of 325342?
4
What is the hundred thousands digit of 24498976?
4
What is the ten millions digit of 39906285?
3
What is the ten thousands digit of 364634912?
3
What is the ten millions digit of 705579987?
0
What is the hundred millions digit of 217565304?
2
What is the hundreds digit of 3104844?
8
What is the units digit of 282460239?
9
What is the hundred millions digit of 166455188?
1
What is the units digit of 965493?
3
What is the ten millions digit of 1740904228?
4
What is the millions digit of 59652460?
9
What is the ten thousands digit of 155822600?
2
What is the millions digit of 6184976276?
4
What is the millions digit of 4368057547?
8
What is the hundreds digit of 6957325764?
7
What is the millions digit of 160854575?
0
What is the tens digit of 131807135?
3
What is the hundred thousands digit of 16569550?
5
What is the thousands digit of 22570375?
0
What is the hundred thousands digit of 1275654278?
6
What is the hundreds digit of 29172243?
2
What is the ten thousands digit of 69578024?
7
What is the units digit of 475182592?
2
What is the units digit of 936437862?
2
What is the units digit of 82684603?
3
What is the ten millions digit of 6040718447?
4
What is the tens digit of 37902139?
3
What is the hundred thousands digit of 419339184?
3
What is the hundred millions digit of 2079839377?
0
What is the millions digit of 48199629?
8
What is the hundred millions digit of 330425345?
3
What is the millions digit of 1330900949?
0
What is the millions digit of 741182630?
1
What is the ten thousands digit of 36085371?
8
What is the millions digit of 2914868915?
4
What is the hundreds digit of 400169723?
7
What is the ten thousands digit of 251332878?
3
What is the units digit of 2857301351?
1
What is the hundred millions digit of 916024421?
9
What is the ten millions digit of 772760746?
7
What is the hundred thousands digit of 81078497?
0
What is the hundreds digit of 3927280606?
6
What is the hundred thousands digit of 35098731?
0
What is the ten millions digit of 886454320?
8
What is the billions digit of 1057326334?
1
What is the thousands digit of 465622794?
2
What is the hundred thousands digit of 68877322?
8
What is the ten thousands digit of 48313617?
1
What is the ten millions digit of 1077485580?
7
What is the hundreds digit of 1414163076?
0
What is the tens digit of 18009757?
5
What is the billions digit of 1507214442?
1
What is the hundred millions digit of 1033755788?
0
What is the tens digit of 799884104?
0
What is the hundred thousands digit of 3599307366?
3
What is the thousands digit of 20221658?
1
What is the thousands digit of 27799908?
9
What is the millions digit of 7788140704?
8
What is the billions digit of 1836888954?
1
What is the hundred millions digit of 4109560876?
1
What is the tens digit of 23655207?
0
What is the hundred thousands digit of 44572625?
5
What is the hundreds digit of 2665204?
2
What is the millions digit of 1929258279?
9
What is the thousands digit of 52072509?
2
What is the hundred millions digit of 172017069?
1
What is the thousands digit of 3357424505?
4
What is the ten millions digit of 102391160?
0
What is the thousands digit of 5616657?
6
What is the ten thousands digit of 1662936?
6
What is the hundred thousands digit of 206512058?
5
What is the millions digit of 520989497?
0
What is the ten thousands digit of 423183980?
8
What is the ten thousands digit of 1307942427?
4
What is the tens digit of 9679011?
1
What is the ten millions digit of 236607988?
3
What is the hundreds digit of 980387480?
4
What is 